110*r - 3153676. What is the units digit of r?
3
Let i be (-6)/(-12)*(-2)/6*0. Suppose 3*g - 7*g - c = -4649, 2*g - c - 2323 = i. What is the tens digit of g?
6
Let y(r) = 205*r + 23. What is the hundreds digit of y(14)?
8
Let q(m) = -m**2 + 29*m + 54. Let p(k) = 4*k**2 - 59*k - 107. Let g(j) = 6*p(j) + 13*q(j). What is the units digit of g(12)?
0
Suppose -3 = 9*x - 12*x. Suppose z - 8282 = -4*h, 0 = 4*z - 5*h - 0*h - 33086. What is the units digit of x/5 + z/30?
6
Suppose 18 = 2*v + 3*o - 0*o, 4*o = -4*v + 28. Suppose -5*s - 10*b = -14*b - 1544, v*s - 919 = -5*b. What is the hundreds digit of s?
3
Let s(p) = -3*p**3 - 7*p**2 - 51*p - 15. What is the tens digit of s(-7)?
2
Suppose -481562 + 95001 = -23*v. What is the thousands digit of v?
6
Let l be 205 - (4/(-2) + 2). Let x be 438/(-365)*(-20)/6. Suppose -s - x*s + l = 0. What is the tens digit of s?
4
Let x = 742 - 429. Suppose b + 2*v = x, 4*v + 1 = 4*b - 1311. What is the hundreds digit of b?
3
Suppose -8*s + 39 = 159. Let d = 212 + s. What is the units digit of d?
7
Suppose 7992 = 4*c + 1332. Suppose -3*p + c = p - 3*k, 0 = -4*p - 5*k + 1641. What is the units digit of p?
4
What is the tens digit of (-26707)/14*-2 - 3/(-21)*-2?
1
Let y be (1 + 2 + -1)/(-2). Let j be -21 + -5 - (-1 - y). Let a = -8 - j. What is the units digit of a?
8
Let f be 166 + (0 + (-4)/(-8))*-2. Suppose a = -a + v + f, 156 = 2*a + 2*v. Suppose -a = 5*j - 6*j. What is the tens digit of j?
8
Let k = -477 - -496. Suppose -k*i + 21*i = 420. What is the hundreds digit of i?
2
Suppose -1086213 - 819467 + 66722 = -187*n. What is the tens digit of n?
3
Suppose -3*k + 3*k = -k. Let r(a) = -a**2 + 91 - 20*a + 33 + 21*a - 16. What is the tens digit of r(k)?
0
Let b(v) = -8*v**2 + 19*v + 12. Let c be b(8). Let g = 221 - c. What is the tens digit of g?
6
What is the hundreds digit of (-27)/15 + (-476216)/(-20)?
8
Let l(f) = f**2 - f - 1. Let h(m) = 4*m**2 + 30*m + 41. Let s(d) = h(d) - 3*l(d). What is the tens digit of s(-32)?
1
Let b be (-6)/(-4) + (9/6 - 1). What is the hundreds digit of b/(-5)*(-16585)/62?
1
Let u be -2 + ((-99)/(-3))/3. Let k be (-10)/u*45/(-5). What is the tens digit of k/(-20) - (-906)/4?
2
Suppose 5*b + 4*h - 45 = 0, 4*b + 5*h = -b + 50. Let v be 2 + 2 - (4 - b)*1. Suppose -3*g - 5*y + 4*y = -94, v*y - 129 = -4*g. What is the tens digit of g?
3
Let l = 2223 - 1933. What is the tens digit of l?
9
Let z = -15797 - -37424. What is the hundreds digit of z?
6
Let m be (-9 - 296)/(3/(-6) - -1). Let d = -415 - m. What is the tens digit of d?
9
Let p(w) = 2*w**3 - 16*w**2 - 18*w. Let c be p(9). Suppose c = a - x - 1494, 0 = -2*x - 3*x + 5. What is the thousands digit of a?
1
Let z(h) = 3*h**2 - 6*h + 34. Let q(t) = 2*t**2 - t - 1. Let p(i) = 6*q(i) - z(i). What is the units digit of p(-9)?
9
Let f = 176 - 164. What is the tens digit of 1 + 1635/f - (-18)/(-72)?
3
Let a(y) = 57*y + 2. Let i be (-81)/(-216) - (-5)/8. What is the tens digit of a(i)?
5
Let x = -5 + 10. Let i = -1822 + 1827. Suppose -4*w + 10*f - 6*f = -728, x*f = -i*w + 900. What is the units digit of w?
1
Let z be (1 + 4 + -8 - 1) + 4. Suppose -k = 5*c - 976, 4*c + 4*k - 970 + 186 = z. What is the tens digit of c?
9
Let s(z) = 302*z - 11. Let d be s(-2). Let x = 1024 + d. Suppose 5*c = -3*v + x + 82, 397 = 4*c + v. What is the units digit of c?
0
Let s = 0 + 7. Suppose -416 = -s*l + 11*l. Let y = 159 + l. What is the tens digit of y?
5
Let l(z) = 0*z - z**3 - 3*z**2 + 8*z**2 - 2 + 16 - 2*z. Let n be l(5). What is the tens digit of ((-25)/10)/(n/(-32))?
2
What is the units digit of 3/2*448438/57?
1
Suppose 0 = 121*c - 125*c + 1512. Suppose 4*o - 1776 = 3*l, c = o - l - 65. What is the units digit of o?
7
Suppose 0 = 4*d + 137 + 79. Let v = 45 + d. What is the units digit of v/(-18)*86*2?
6
Suppose 320*i = 319*i - w + 19916, 3*i - 4*w = 59727. What is the ten thousands digit of i?
1
Suppose -5*u + 240 = -2*u. Let m = 88 - u. What is the tens digit of ((-4)/(-6))/(m/(-12))*-174?
7
Suppose -670 = -v - 4*v. Let d = 133 - v. Let y(a) = -191*a + 4. What is the hundreds digit of y(d)?
1
Let d(p) = p**3 - 17*p**2 + 18*p + 34. Let u be d(16). Suppose -u*k + 65*k + 3684 = 0. Suppose k = 11*h + h. What is the units digit of h?
7
Let t(h) = -21829*h - 432. What is the tens digit of t(-1)?
9
Let o be (2/10 - 12/(-15)) + 293. Suppose -618 = -3*r + o. Suppose -16*q + r = -12*q. What is the units digit of q?
6
Let q(s) = 105*s**2 - 4*s - 100. What is the thousands digit of q(-7)?
5
Suppose -2*i + 4078 = 2*o, -15*i + 17*i - 4 = 0. What is the thousands digit of o?
2
Let z(d) = -5298*d + 267. What is the tens digit of z(-2)?
6
Suppose -3*k - 9*v + 58207 = -4*v, 5*k - 97024 = 4*v. What is the units digit of k?
4
Let q(y) = -2*y**2 + 3. Let l be q(0). Suppose z - 3*m + 10 = 0, z - 3*m = -2*m. Suppose 0 = -z*p + l*p + 182. What is the units digit of p?
1
Suppose 2 = 2*y, 13 + 2 = -3*j + 3*y. Let w(a) = -133*a - 60. What is the hundreds digit of w(j)?
4
Suppose -32*v + 82 = 9*v. Suppose 2*s + x + 423 - 2204 = 0, v*x - 2674 = -3*s. What is the units digit of s?
8
Let p(y) = 25*y - 2. Let c be p(1). Let q = -18 + c. Suppose 0 = q*z - 182 - 108. What is the units digit of z?
8
Let a(b) = 2*b. Let w(o) = -15*o**2 - 9*o - 9. Let j(c) = -2*a(c) - w(c). What is the tens digit of j(-6)?
1
Suppose 0*i = -4*i + 40. Suppose -49*v = -114*v + 195. Suppose -v*k - 1967 = -i*k. What is the units digit of k?
1
Suppose 5557 = 3*u + 1090. Let s = u - 839. What is the hundreds digit of s?
6
Suppose 3*t = -3*c - 213, c + 0*c + 4*t + 77 = 0. Let h = 254 - c. What is the units digit of h?
3
Suppose -18*b + 13*b + 158670 = -2*d, -158705 = -5*b - 5*d. What is the units digit of b?
6
Let a(n) = -13*n**3 - 17*n**2 + 8*n - 20. What is the tens digit of a(-8)?
8
Suppose 5*r = 2*q + 286, r + r + 5*q - 97 = 0. Let w be 1*(3 + r + 4). Suppose -b + w = -58. What is the hundreds digit of b?
1
Let r(t) = t**3 - 3*t**2 - t - 9. Let u be r(4). Suppose 4*j + 5*o - 290 = 0, j + 0*j = -u*o + 69. Let g = j + -21. What is the units digit of g?
4
Let o be ((-8)/5)/(18/(-45)). What is the hundreds digit of 10675/20 - (-1)/o?
5
What is the thousands digit of 70032/5 + 368/(-920)?
4
Let r(o) = -o**3 - 9*o**2 - 24. Suppose 0 = b - 6*b + 10. Suppose b = 2*g, 5*h + 29 = 2*h - g. What is the units digit of r(h)?
6
Suppose -11*q = -15*q + 24. Suppose 2072 = q*c + 8*c. What is the tens digit of c?
4
Suppose 2*z = 5*g + 27520, 55068 = -36*z + 40*z - 3*g. What is the units digit of z?
0
Let p = 74 + -33. Suppose p = 3*k + 2*h - 7*h, 0 = 3*k + 2*h - 34. Suppose k = -2*t + 68. What is the units digit of t?
8
Suppose 42*q - 39*q + 24 = 0. What is the units digit of q + 5 - -3 - 481*-1?
1
Suppose 0 = 22*s - 10820 - 14612. Let i = -350 + s. What is the units digit of i?
6
Let a be 24/64 + 12261/8. Let k = a + -504. What is the hundreds digit of k?
0
What is the tens digit of 359322/7 + 4576/2002?
3
Let l be 306 - ((-8)/(-32) - 18/8). Let d = -218 + l. What is the units digit of d?
0
Suppose -20*k - 3094560 = 4*k. What is the units digit of k/(-150) - 4/(-10)?
0
Let y be (1*3/(-6))/((-4)/56). Suppose 5*r - 2913 = 2*n, 3*r + 4*n = y*r - 2328. What is the tens digit of r?
8
Let h(j) = 1276*j**2 - 118*j + 10. What is the hundreds digit of h(4)?
9
Let y = 99 - 132. What is the tens digit of (572/y)/(4/(-138))?
9
Suppose -3*a + v = 16, 2*a + 0*a = -5*v - 5. What is the units digit of a/15*(0 - 3)?
1
Let f be -3 + 3 - (2 - 177). Let h = f + -129. What is the units digit of h?
6
Suppose -2*y + 9 = y, -4*c = 4*y + 1068. Let p = -162 - c. What is the units digit of p?
8
Let x = -8952 + 39845. What is the hundreds digit of x?
8
Suppose 3*u + 2*v = -372, 2*v = -5*u + 3*u - 246. Let b = u - -278. Let s = 290 - b. What is the hundreds digit of s?
1
Let h = 382 - 381. Let v(b) = 436*b**3 - 4*b**2 + b + 1. What is the tens digit of v(h)?
3
Suppose -23*s + 269323 + 752245 = 0. What is the hundreds digit of s?
4
Suppose 441 = 2*x + 7*x. Suppose -x*f + 48*f = -447. What is the hundreds digit of f?
4
Let k = -8925 - -10932. What is the tens digit of k?
0
Suppose -5 = h - 0*t - t, -t = 0. What is the units digit of (-39)/h*(-10 - -15)?
9
Let d(r) = r**3 + 20*r**2 + 14*r - 14. Let t be d(-19). Suppose -5*n - 347 = 2*k, -2*k - t = 2*n + 59. Let h 